What are the prime factors of f?
3
Suppose 117*w = 120*w - 132. List the prime factors of w.
2, 11
Let c be 11/(-22) + 57/(-2). Let n = 48 + c. What are the prime factors of n?
19
Let x(o) be the third derivative of -o**6/120 - o**5/12 + o**4/24 - o**3/2 - o**2. What are the prime factors of x(-6)?
3
Suppose -35 + 434 = 7*i. List the prime factors of i.
3, 19
Let d(j) = 5*j**2 - 1 + 0*j**3 - 2*j**3 + 7*j + j**3 + 2. List the prime factors of d(6).
7
Let y(r) = r + 4. Let z be 5 + -6 + 3 - -3. What are the prime factors of y(z)?
3
Let y be ((-5)/1)/((-3)/3). Suppose -y*l = 6*x - 3*x - 3, x = -l - 1. What are the prime factors of l?
3
Let i be 8 + (3 + -2)*-1. Let z = 21 - i. What are the prime factors of z?
2, 7
Suppose 0 = 4*d + 16 + 4. Let i(y) be the second derivative of -y**4/12 - 5*y**3/6 + y**2 - y. What are the prime factors of i(d)?
2
Suppose 3 = -0*z - 3*z. What are the prime factors of z + 1 + 36/2?
2, 3
Let q(x) = 3*x**2 + 5*x + 6. Let g(d) = -10*d**2 - 14*d - 18. Let n(j) = 2*g(j) + 7*q(j). List the prime factors of n(-7).
2, 3
Let n(s) = s**3 + 10*s**2 + 11*s + 6. Let u(d) = -d**3 + 3*d**2 - 4*d + 4. Let b be u(3). List the prime factors of n(b).
2, 23
Let h(c) = 95*c**2 + 3*c - 4. List the prime factors of h(1).
2, 47
Suppose 6*w = 2*w. Suppose x = -w*x + 23. What are the prime factors of x?
23
Suppose -2*z + 6*z = 8. Suppose 0 = z*k + k - 36. What are the prime factors of k?
2, 3
Let a be (12 - 6)*1/2. What are the prime factors of a*2 - (3 - 0)?
3
Let g(m) = m**3 + m**2 + 1. Let h be g(0). Let l(t) = -1 - h - t + 2 + 1. List the prime factors of l(-4).
5
Let i(u) = -18*u - 3. Let z be i(-2). Suppose 6*n = 3*n + z. What are the prime factors of n?
11
Let r be -15*(0 + -1) + -1. Suppose -5*u + 20 = 5*c, 5*u + 2*c = -0*u + r. What are the prime factors of (u/1 + -9)*-1?
7
Let j(z) = -z**2 - 10*z - 10. Let l be j(-8). Suppose -3*v = -2*v - l. What are the prime factors of v?
2, 3
Suppose -4*s = -4*m - 136, 0*m - 68 = -2*s + 3*m. List the prime factors of s.
2, 17
Suppose 7*n = 3*n + 16. What are the prime factors of n/14 + (-24)/(-14)?
2
Let m(q) = 4*q**3 + 4*q**2 + q - 2*q**3 + 3 - q**3 + 0*q**2. List the prime factors of m(-3).
3
Let p(m) = 4*m + 0*m - 2*m - 1. Let l(x) = x**2 - 3*x + 2. Let y be l(3). What are the prime factors of p(y)?
3
Suppose -72 = -v - 3*v. Suppose -4*n = -5*n + v. List the prime factors of n.
2, 3
Let m(f) = -f**2 + 10. What are the prime factors of m(0)?
2, 5
Let k(n) = -1. Let t(j) = j - 5. Let b(a) = 11*k(a) - 2*t(a). Let q be b(-4). Suppose q*v = 2*v + 15. What are the prime factors of v?
3
Let q be 38/(-4) + 2/(-4). Let n(u) = 114*u. Let t be n(2). List the prime factors of t/15 + 2/q.
3, 5
Suppose -66 = -4*a - 18. Let g = a + -20. What are the prime factors of (g/(-4))/(2/6)?
2, 3
Let r(v) = 3*v - 2. Suppose -5*f = -3*f - 14. List the prime factors of r(f).
19
Let h(g) = -g**2 - 29*g + 25. List the prime factors of h(-17).
229
Suppose n + 0*n = 2*k + 86, n - 85 = k. List the prime factors of n.
2, 3, 7
Let u(a) be the third derivative of -3*a**2 + 0 - 1/60*a**6 + 0*a - 1/2*a**3 - 1/12*a**4 - 1/30*a**5. List the prime factors of u(-2).
3
Suppose 2*g + 2*n = 0, 5*g - 2*n = 2*n + 18. List the prime factors of g.
2
Suppose 3*h - 12 = -0*h. Suppose 3*q - a - 16 = -5*a, -h*q + 2*a = -58. What are the prime factors of q?
2, 3
Let q(b) = 2*b**2 + 0*b - 4 - b**2 + 2*b. Suppose -5*z = -5*t - 5, -z - 2 = 1. What are the prime factors of q(t)?
2
Let t(g) = g + 19. Let r(p) = 3*p + 39. Let a(b) = -2*r(b) + 5*t(b). What are the prime factors of a(0)?
17
Let r be 32/(-3) - 2/6. Let p be (20 + -8)/(2/3). Let n = p + r. List the prime factors of n.
7
Let f(w) = 11*w**2 + w + 2. Suppose m = 5*i + 6*m + 15, -i = 4*m + 18. What are the prime factors of f(i)?
2, 3
Let o be (-2)/(-4) - (-45)/18. Suppose -241 = -5*j - 4*q, j - 3*j + o*q + 78 = 0. List the prime factors of j.
3, 5
Let n(r) = -r**3 - r**2 + r + 1. Let c(x) = -3*x**2 - 2*x - 1. Let y be c(-1). Let z be n(y). Suppose 30 = 2*g + z*g. What are the prime factors of g?
2, 3
Suppose -5*j + 2 = -8. Suppose -o - 10 = -2*o - 3*u, j*u = 0. Suppose o = c + c. List the prime factors of c.
5
Let y = -103 + 194. List the prime factors of y.
7, 13
Let o(q) = 8*q + 3. Let f be o(4). List the prime factors of (-4)/(-14) - (-270)/f.
2
Let h(g) = g + 1. Let j be h(-2). Let p = j + 10. List the prime factors of (6/p)/(2/9).
3
Let f be (-2 - -5) + (-1 - -2). Suppose f*y = -3 - 1. Let x(u) = 4*u**2 - u. List the prime factors of x(y).
5
Let t = -5 + 7. Let b = t - 0. Let p(z) = z**2 + z + 2. What are the prime factors of p(b)?
2
Suppose -4*p + 5*p - 2 = 0, -5*p + 10 = 3*q. Suppose -4*b = -q*b - 36. What are the prime factors of b?
3
Let d be 10*(-3)/6*-3. List the prime factors of (d/6)/(1/2).
5
Let h be (4/(-4))/(2/(-2)). Suppose 0 = -0*a + a - h. List the prime factors of 1/(((-2)/(-24))/a).
2, 3
Let f(b) = b**2 - 14*b + 14. List the prime factors of f(14).
2, 7
Let h = -36 - -22. Let c(i) = -i + 9. List the prime factors of c(h).
23
Let r(l) = l**3 - 2*l**2 - 2. What are the prime factors of r(4)?
2, 3, 5
Let m be (-68)/(-20) + 2/(-5). Suppose 2*w + 27 = -3*d, -m*d - 3*w + 1 = 25. Let r = 15 + d. List the prime factors of r.
2
Let w = -7 + -3. Let s = w - -23. What are the prime factors of s?
13
Suppose -4*i + 3*d = -17, 3*d + 1 = -8. Let p be 0/((i + 2)/(-2)). Suppose 2*b + 14 - 40 = p. What are the prime factors of b?
13
Suppose -8*r + 4*r = -112. What are the prime factors of r?
2, 7
Let h = 82 + -122. Let g = -15 - h. What are the prime factors of g?
5
Let l(u) = -3*u + 2. Let o be l(-4). Let v be -3 - (-2)/(4/o). Suppose -2*d + 2*k - k + 39 = 0, 5*k = -v*d + 43. List the prime factors of d.
17
Let s(h) be the first derivative of h**6/60 - h**5/60 - h**4/8 + h**3/2 - h**2 + 1. Let j(z) be the second derivative of s(z). List the prime factors of j(2).
3
Let s(o) = 0 - 16*o - 2 + 3. Suppose 1 = 3*i + 4. List the prime factors of s(i).
17
Let n(k) = 5*k**2 - k**3 - 5*k**2 - 9*k**2 + 9*k - 7. Suppose 3*h + 38 = 8. List the prime factors of n(h).
3
Let l be 2/(-7) - 92/(-28). Let r = 7 - l. Suppose -5*k = -4*k - h - 16, -3*h + 36 = r*k. What are the prime factors of k?
2, 3
Let s be (-5 - -2)/((-3)/10). Let u = s + 9. List the prime factors of u.
19
Let y(b) = 3*b - 5. Suppose 0 = -2*r + 3*r - 7. List the prime factors of y(r).
2
Suppose -3*n = -2*o + 9 - 60, -3*o = 2*n - 21. What are the prime factors of n?
3, 5
Let l = 4 + -1. Let p = 7 + l. List the prime factors of p.
2, 5
What are the prime factors of (-10)/(-90) - 224/(-9)?
5
Let r(m) = -m**3 - 6*m**2 + 5*m - 9. Let y be r(-7). Suppose -y*o = -9 - 6. What are the prime factors of o?
3
Suppose 6*b = 4*b + 6. Suppose -b*k - k = -36. Suppose 0 = -j + 2 + k. List the prime factors of j.
11
Let n be (-2 + -27)*-1 + -1. Suppose -3*f + 4*p + n = 0, 4 = -2*f + f - 2*p. Suppose 2*g + 24 = f*h, -2*h + 30 = 2*h - 5*g. List the prime factors of h.
5
Suppose -h + 0*s + 5 = -2*s, -5*h - 2*s = -73. What are the prime factors of h?
13
Let x(a) = -21*a**2 - 7*a + 7. Let o(s) = -31*s**2 - 11*s + 11. Let q(j) = 5*o(j) - 8*x(j). List the prime factors of q(1).
13
Suppose 5*o - 5*g = 55, -11 = -5*o - 5*g + 24. Suppose 3*h = -4*i - 20, -2*h - 2*i - 1 - 9 = 0. Suppose -q = -h*q - o. List the prime factors of q.
3
Suppose -4*k - 2*r + 1 = -27, 30 = 4*k + r. Suppose 2 = -2*h + k. Suppose -h*s = -m - s + 5, 0 = s. List the prime factors of m.
5
Let q = 171 - 125. List the prime factors of q.
2, 23
Let a = -21 + 29. Let b = 21 - a. What are the prime factors of b?
13
Let x = -43 + 26. Let m = x - -41. What are the prime factors of m?
2, 3
Let h(m) = -m**2 + 1. Let j(a) = 2*a**2 - 1. Let o(z) = 3*h(z) + j(z). List the prime factors of o(0).
2
Let s = 156 + -107. Let w = s - 4. Suppose -l = 2*l - 3*z - w, -3*l - 5*z + 13 = 0. List the prime factors of l.
11
Suppose 7 = 3*n - 8. Let k(r) = 3*r - 4. List the prime factors of k(n).
11
Let v = -2 + -4. Let m(x) = x + 6. Let y be m(v). What are the prime factors of (y - -2)/((-6)/(-21))?
7
Suppose -2*m - 3*m - 29 = 2*t, 3*t - 5*m + 6 = 0. Let y be (-1 + 2)/(t/(-7)). List the prime factors of 145/10 - y/(-2).
3, 5
List the prime factors of 3*(4/(-3) + 3).
5
Let c(d) = -2*d**3 + 2*d**2 + d. Let k be c(2)